{"id":6119,"date":"2022-05-13T00:14:24","date_gmt":"2022-05-12T22:14:24","guid":{"rendered":"https:\/\/rocktaste.es\/?post_type=product&#038;p=6119"},"modified":"2023-02-13T00:05:58","modified_gmt":"2023-02-12T23:05:58","slug":"irresistible-de-pollo","status":"publish","type":"product","link":"https:\/\/rocktaste.es\/rockmenu\/producto\/irresistible-de-pollo\/","title":{"rendered":"IRRESISTIBLE DE POLLO"},"content":{"rendered":"","protected":false},"excerpt":{"rendered":"<p>Pollo deshilachado, bac\u00f3n, jam\u00f3n cocido, queso, ma\u00edz, aceitunas verdes y alioli<\/p>\n","protected":false},"featured_media":6672,"template":"","meta":{"advanced_seo_description":"","jetpack_seo_html_title":"","jetpack_seo_noindex":false},"product_brand":[],"product_cat":[55],"product_tag":[],"class_list":{"0":"post-6119","1":"product","2":"type-product","3":"status-publish","4":"has-post-thumbnail","6":"product_cat-patatas-asadas","8":"first","9":"instock","10":"shipping-taxable","11":"purchasable","12":"product-type-simple"},"_links":{"self":[{"href":"https:\/\/rocktaste.es\/rockmenu\/wp-json\/wp\/v2\/product\/6119","targetHints":{"allow":["GET"]}}],"collection":[{"href":"https:\/\/rocktaste.es\/rockmenu\/wp-json\/wp\/v2\/product"}],"about":[{"href":"https:\/\/rocktaste.es\/rockmenu\/wp-json\/wp\/v2\/types\/product"}],"wp:featuredmedia":[{"embeddable":true,"href":"https:\/\/rocktaste.es\/rockmenu\/wp-json\/wp\/v2\/media\/6672"}],"wp:attachment":[{"href":"https:\/\/rocktaste.es\/rockmenu\/wp-json\/wp\/v2\/media?parent=6119"}],"wp:term":[{"taxonomy":"product_brand","embeddable":true,"href":"https:\/\/rocktaste.es\/rockmenu\/wp-json\/wp\/v2\/product_brand?post=6119"},{"taxonomy":"product_cat","embeddable":true,"href":"https:\/\/rocktaste.es\/rockmenu\/wp-json\/wp\/v2\/product_cat?post=6119"},{"taxonomy":"product_tag","embeddable":true,"href":"https:\/\/rocktaste.es\/rockmenu\/wp-json\/wp\/v2\/product_tag?post=6119"}],"curies":[{"name":"wp","href":"https:\/\/api.w.org\/{rel}","templated":true}]}}